e highest common divisor of 23 and 69?
23
What is the greatest common divisor of 927 and 1751?
103
What is the greatest common divisor of 48 and 168?
24
Calculate the highest common divisor of 10 and 11710.
10
What is the greatest common factor of 180 and 24?
12
Calculate the highest common factor of 539 and 22.
11
What is the greatest common divisor of 100 and 16?
4
Calculate the greatest common factor of 95 and 76.
19
What is the greatest common factor of 34 and 1258?
34
Calculate the greatest common factor of 16 and 26.
2
What is the greatest common divisor of 323 and 17?
17
Calculate the highest common factor of 1881 and 3553.
209
What is the highest common factor of 171 and 36?
9
What is the highest common divisor of 7964 and 66?
22
Calculate the highest common factor of 91 and 1001.
91
Calculate the highest common factor of 592 and 384.
16
Calculate the highest common factor of 13 and 23.
1
Calculate the highest common factor of 51 and 85.
17
What is the highest common factor of 3286 and 31?
31
Calculate the greatest common factor of 18697 and 7.
7
Calculate the highest common factor of 312 and 7.
1
What is the greatest common divisor of 308 and 77?
77
What is the highest common divisor of 12193 and 548?
137
Calculate the highest common factor of 481 and 407.
37
Calculate the greatest common divisor of 30 and 170.
10
What is the highest common divisor of 12 and 188?
4
What is the highest common divisor of 143 and 10348?
13
Calculate the greatest common factor of 5 and 3455.
5
Calculate the greatest common divisor of 153 and 357.
51
Calculate the greatest common factor of 209 and 33.
11
Calculate the highest common factor of 6 and 354.
6
What is the highest common divisor of 200 and 280?
40
Calculate the greatest common divisor of 60 and 300.
60
What is the highest common divisor of 8481 and 33?
33
Calculate the highest common divisor of 4 and 109.
1
What is the greatest common divisor of 73 and 9?
1
Calculate the highest common factor of 64 and 544.
32
What is the highest common factor of 1040 and 364?
52
Calculate the highest common divisor of 12 and 37500.
12
What is the greatest common divisor of 27716 and 328?
164
Calculate the greatest common divisor of 952 and 3264.
136
What is the highest common factor of 304 and 6232?
152
What is the greatest common factor of 20 and 5236?
4
What is the highest common factor of 13 and 13?
13
What is the greatest common divisor of 756 and 1680?
84
What is the highest common divisor of 5070 and 30?
30
What is the greatest common divisor of 1022 and 73?
73
Calculate the greatest common factor of 7139 and 121.
121
What is the greatest common factor of 370 and 1280?
10
Calculate the highest common factor of 22 and 1969.
11
Calculate the highest common factor of 946 and 220.
22
What is the greatest common divisor of 590 and 1062?
118
What is the greatest common divisor of 456 and 48?
24
Calculate the highest common divisor of 57025 and 25.
25
What is the highest common factor of 510 and 5440?
170
What is the highest common divisor of 17 and 3213?
17
What is the greatest common divisor of 68 and 19703?
17
Calculate the greatest common factor of 54 and 12582.
54
What is the highest common divisor of 5751 and 9?
9
Calculate the highest common factor of 495 and 540.
45
Calculate the greatest common divisor of 49 and 441.
49
What is the highest common factor of 28 and 28?
28
What is the highest common divisor of 1071 and 140?
7
Calculate the highest common divisor of 520 and 120.
40
What is the greatest common divisor of 456 and 57?
57
Calculate the highest common divisor of 160 and 216.
8
What is the highest common factor of 23 and 2921?
23
Calculate the greatest common divisor of 51 and 34.
17
Calculate the greatest common divisor of 48 and 15.
3
What is the highest common factor of 2877 and 21?
21
Calculate the greatest common divisor of 254 and 2.
2
What is the highest common factor of 267 and 178?
89
Calculate the greatest common divisor of 42 and 70.
14
What is the highest common divisor of 120 and 72?
24
What is the highest common factor of 14 and 602?
14
What is the greatest common divisor of 84 and 98?
14
What is the highest common divisor of 12500 and 20?
20
Calculate the greatest common divisor of 654 and 4469.
109
What is the greatest common divisor of 37944 and 496?
248
What is the greatest common divisor of 96 and 2?
2
Calculate the greatest common factor of 55 and 517.
11
What is the greatest common factor of 44 and 1892?
44
Calculate the greatest common divisor of 61754 and 154.
154
Calculate the greatest common factor of 594 and 36.
18
Calculate the highest common divisor of 972 and 48.
12
What is the highest common factor of 90 and 126?
18
What is the greatest common divisor of 100 and 60?
20
What is the greatest common factor of 33075 and 15?
15
What is the greatest common factor of 1580 and 80?
20
Calculate the highest common factor of 3 and 624.
3
Calculate the highest common factor of 345 and 7383.
69
Calculate the greatest common divisor of 37 and 63159.
37
What is the greatest common divisor of 348 and 14036?
116
Calculate the highest common factor of 1242 and 46.
46
Calculate the highest common divisor of 25 and 990.
5
Calculate the greatest common divisor of 1404 and 52.
52
Calculate the greatest common factor of 9480 and 200.
40
Calculate the greatest common divisor of 906 and 12.
6
What is the greatest common factor of 50 and 80?
10
What is the greatest common factor of 360 and 80?
40
Calculate the highest common factor of 7406 and 92.
46
What is the highest common divisor of 2 and 27?
1
What is the highest common factor of 143 and 517?
11
What is the greatest common factor of 252 and 56?
28
What is the highest common factor of 2052 and 108?
108
What is the highest common divisor of 56 and 72?
8
What is the highest common factor of 59 and 944?
59
What is the greatest common divisor of 8 and 42?
2
What is the greatest common factor of 53 and 2809?
53
What is the greatest common divisor of 34 and 697?
17
What is the highest common divisor of 31 and 217?
31
Calculate the greatest common divisor of 640 and 380.
20
Calculate the highest common divisor of 45 and 90.
45
What is the greatest common divisor of 1470 and 45?
15
Calculate the greatest common divisor of 12395 and 74.
37
What is the highest common divisor of 20 and 540?
20
What is the greatest common factor of 162 and 243?
81
What is the greatest common factor of 16 and 16?
16
What is the greatest common factor of 858 and 44?
22
What is the highest common divisor of 124 and 93?
31
What is the highest common divisor of 342 and 18?
18
Calculate the greatest common factor of 306 and 2601.
153
What is the highest common factor of 2431 and 1309?
187
What is the greatest common divisor of 168 and 2100?
84
What is the greatest common factor of 1700 and 544?
68
What is the greatest common divisor of 280 and 200?
40
What is the greatest common divisor of 16 and 3?
1
What is the greatest common factor of 176 and 110?
22
Calculate the highest common factor of 62 and 4898.
62
What is the highest common divisor of 56 and 56?
56
Calculate the highest common divisor of 44 and 1474.
22
Calculate the greatest common divisor of 405 and 660.
15
What is the greatest common divisor of 13 and 32?
1
Calculate the greatest common divisor of 90 and 16110.
90
What is the highest common factor of 88 and 330?
22
Calculate the highest common factor of 726 and 35211.
363
Calculate the highest common divisor of 555 and 165.
15
What is the highest common divisor of 1420 and 120?
20
What is the greatest common factor of 13776 and 64?
16
What is the greatest common factor of 5345 and 5?
5
What is the greatest common divisor of 528 and 33?
33
Calculate the greatest common divisor of 52 and 7852.
52
What is the greatest common factor of 8 and 38672?
8
What is the highest common divisor of 2961 and 126?
63
Calculate the greatest common divisor of 368 and 23.
23
What is the highest common factor of 126 and 12?
6
What is the highest common divisor of 1 and 5?
1
What is the greatest common factor of 893 and 57?
19
What is the highest common factor of 17160 and 52?
52
Calculate the highest common factor of 160 and 230.
10
Calculate the greatest common factor of 2